 is 104411211 - 44?
104411112
In base 16, what is -2a + -2f2fc?
-2f326
In base 15, what is -1a2e9 - 2cd?
-1a5c7
In base 3, what is -101001 + -1022011121020?
-1022011222021
In base 7, what is 5442 + 2266?
11041
In base 4, what is -1211310 - -31210311?
23333001
In base 8, what is -5 + 2762006400?
2762006373
In base 11, what is -7 + -1063a77?
-1063a83
In base 11, what is 9 + -9845?
-9837
In base 7, what is 13306 + -23235?
-6626
In base 4, what is 1021203 - -20201?
1102010
In base 4, what is -23112312233 + 331?
-23112311302
In base 2, what is -1001 + 10000010101000001111?
10000010101000000110
In base 3, what is -102101000 - 10011220?
-112112220
In base 7, what is 0 + 22305360?
22305360
In base 13, what is 5c8719 + 2cc?
5c8a18
In base 4, what is 2 - -230022232323?
230022232331
In base 9, what is 21458528 - 11?
21458517
In base 16, what is 6db3ce + -11?
6db3bd
In base 2, what is -1000001001111 - 100101000100110?
-101101001110101
In base 11, what is -42 + -65569?
-65600
In base 9, what is -214730 - -52?
-214667
In base 8, what is 2 - 51762710?
-51762706
In base 12, what is -3bab + 19002?
15013
In base 2, what is 100 + -1001111011100010111111?
-1001111011100010111011
In base 4, what is -2110030 + -22002?
-2132032
In base 7, what is 14 + -105316404?
-105316360
In base 9, what is -4 - -2881460?
2881455
In base 6, what is 112 - 5045350?
-5045234
In base 15, what is 214e76c + d?
214e77a
In base 13, what is -1b + -174137?
-174155
In base 7, what is -102000262 - -55?
-102000204
In base 4, what is -2020303110000 + 220?
-2020303103120
In base 10, what is -80871139 - 2?
-80871141
In base 16, what is -254e - -944?
-1c0a
In base 16, what is -5 + 1be715?
1be710
In base 11, what is -3571 - 1a892?
-23353
In base 8, what is -2340 - -206710?
204350
In base 13, what is 43218 - 644?
428a4
In base 14, what is -15bcb56 + 35?
-15bcb21
In base 13, what is -b392 + -113?
-b4a5
In base 12, what is -2814913 + 6?
-2814909
In base 8, what is 20 - -102130?
102150
In base 13, what is -4 + 87c6?
87c2
In base 16, what is 21a2e68 - -2?
21a2e6a
In base 7, what is 542 - 3154251?
-3153406
In base 12, what is 2 - -572283?
572285
In base 3, what is -10110102 + 1012121012?
1002010210
In base 13, what is 14910 + 23?
14933
In base 10, what is -385040 + -163?
-385203
In base 8, what is -127 - 310506?
-310635
In base 8, what is -1123164741 + -3?
-1123164744
In base 6, what is -202540 - -344?
-202152
In base 3, what is 1210212112222 + -11?
1210212112211
In base 6, what is 10530 + -2422544?
-2412014
In base 16, what is -9 + 218156d?
2181564
In base 13, what is 2598 - a18?
1880
In base 4, what is 123212 - -11031213?
11221031
In base 11, what is 269 + -87a609?
-87a350
In base 4, what is 21023 - 201132211?
-201111122
In base 8, what is 25 - -32622?
32647
In base 12, what is -48480 - -5686?
-429b6
In base 12, what is 4 - 2014792?
-201478a
In base 13, what is -5c3 + 1227a?
11987
In base 16, what is 28462 - 46?
2841c
In base 12, what is 18 + 22718?
22734
In base 16, what is a9ba6b - 5?
a9ba66
In base 5, what is -2 + 1033133303?
1033133301
In base 15, what is -5 - 16de74?
-16de79
In base 6, what is -2515 + -34220?
-41135
In base 13, what is 13 - -9ba36?
9ba49
In base 8, what is 512 + 43075?
43607
In base 14, what is bc73 + -28b?
b9c6
In base 12, what is 229 + 10aa718?
10aa945
In base 2, what is 100111111111000110010001 - -101?
100111111111000110010110
In base 3, what is -1201 - -1021100021200?
1021100012222
In base 13, what is 33c + 135935?
135c74
In base 12, what is 25111 - -ab3?
26004
In base 10, what is 2535 - 16343?
-13808
In base 10, what is 48971 - -97?
49068
In base 11, what is 3 - -834169a?
83416a2
In base 6, what is 43 + -53503133?
-53503050
In base 9, what is -1270 + 64431?
63151
In base 9, what is -8661 - -2121?
-6540
In base 3, what is 11122000 + 120101211?
202000211
In base 14, what is 3 - 271b79?
-271b76
In base 6, what is -51522035 + -53?
-51522132
In base 6, what is -3530013135 - 4?
-3530013143
In base 8, what is -104 - 70104?
-70210
In base 10, what is -19 + 891325?
891306
In base 4, what is 10 - -12301002333022?
12301002333032
In base 13, what is -379 - 2412?
-278b
In base 3, what is -210011 + -12122002010?
-12122212021
In base 12, what is -8797 + -228?
-8a03
In base 16, what is 3b65 - -e?
3b73
In base 6, what is -5 + 33125532220?
33125532211
In base 14, what is -28c95 - -555?
-28740
In base 6, what is -115 + -523442?
-524001
In base 12, what is -4 - -88ab72?
88ab6a
In base 3, what is 100002100 + 20101221?
120111021
In base 14, what is 141d6a + 11?
141d7b
In base 9, what is 5 - -6521102?
6521107
In base 3, what is -100111110120 - -111121212?
-22222211201
In base 2, what is -110100011 + -100010011000011?
-100011001100110
In base 12, what is 23454 + -77?
23399
In base 12, what is -15 - -6b9411?
6b93b8
In base 9, what is 801 - -46134?
47035
In base 5, what is -2421243 - 24012?
-3000310
In base 5, what is -141041 - 41311?
-232402
In base 7, what is -15031146126 - 5?
-15031146134
In base 11, what is -23866 - -156?
-23710
In base 16, what is 4ef + -4072?
-3b83
In base 11, what is -24243606 - 16?
-24243621
In base 6, what is 12104 + 5434?
21542
In base 13, what is 5714561 - 2?
571455c
In base 5, what is 112 - -22201211143?
22201211310
In base 10, what is -10210897 + 12?
-10210885
In base 15, what is -3 + 1a6961?
1a695d
In base 8, what is 3435 - -742044?
745501
In base 2, what is 1000101101100111110 + -1100010?
1000101101011011100
In base 8, what is -137 - -324524?
324365
In base 13, what is 238a392 + -2?
238a390
In base 8, what is -1056717 + 7?
-1056710
In base 5, what is -1234332134 - 0?
-1234332134
In base 15, what is 3 + 5c43080?
5c43083
In base 5, what is -14140300131 - -13?
-14140300113
In base 2, what is 10000000100010100 - 101110100?
1111111110100000
In base 13, what is 5 - 699456?
-699451
In base 16, what is 12a6a24 - 5?
12a6a1f
In base 13, what is -4 + 1755802?
17557cb
In base 7, what is -3454 + -134200?
-140654
In base 10, what is -183344 + 154?
-183190
In base 5, what is -12 + -1203102232?
-1203102244
In base 12, what is -a9 + -296ba?
-297a7
In base 13, what is 5c6 - -3772c?
38025
In base 6, what is 22 - 10115411231?
-10115411205
In base 9, what is -513 - -277742?
277228
In base 9, what is 518 - 116550?
-116031
In base 10, what is 52750 - 228?
52522
In base 5, what is -21004031 + -111422?
-21121003
In base 5, what is -4310 - 324102?
-333412
In base 13, what is 1992 - a02?
c90
In base 3, what is -222122120101 - 1002?
-222122121110
In base 14, what is 2ad459 - -53?
2ad4ac
In base 5, what is 10 - -2200431113?
2200431123
In base 4, what is 322011 + -22033300?
-21111223
In base 11, what is -3 + -1417325?
-1417328
In base 11, what is -2 - -7580922?
7580920
In base 14, what is -12c - -34535?
34407
In base 13, what is 2bb92 + -5?
2bb8a
In base 12, what is 10 + 869945?
869955
In base 14, what is -45c3299 - -6?
-45c3293
In base 6, what is 10313 - -1051001?
1101314
In base 7, what is -4 - -145605256?
145605252
In base 5, what is -4 + 3010343014?
3010343010
In base 8, what is -14 + -63472?
-63506
In base 4, what is -10322302 - 2023322?
-13012230
In base 11, what is 1087a + 213?
10a92
In base 14, what is 2ba463b - 2?
2ba4639
In base 9, what is 26148262 + 1?
26148263
In base 12, what is 7862524 + -3?
7862521
In base 7, what is -53532365023 - -3?
-53532365020
In base 12, what is 2a776 - 1553?
29223
In base 11, what is 4 - 3585a5aa?
-3585a5a6
In base 5, what is -324 - 11403233?
-11404112
In base 6, what is -15223051 - -22?
-15223025
In base 9, what is -6 - 61020726?
-61020733
In base 4, what is 12230130 - -100310?
12331100
In base 4, what is -222 + -213302312?
-213303200
In base 10, what is -8135 + 1510?
-6625
In base 9, what is 4634 - 252?
4372
In base 15, what is 839 - 161?
6c8
In base 3, what is 100 - 1101111201221221?
-1101111201221121
In base 4, what is 110210131 + -110?
110210021
In base 6, what is -424520 + -40?
-425000
In base 5, what is 13 + -21240013?
-21240000
In base 16, what is -1 - 13f4b552?
-13f4b553
In base 12, what is -1 + -5b6a6a?
-5b6a6b
In base 15, what is -10d919 - 1?
-10d91a
In base 5, what is 1024121321422 - 3?
1024121321414
In base 10, what is 59134 + -14?
59120
In base 9, what is 10301014 + -8?
10301005
In base 13, what is -8 + -2307ac7?
-2307b02
In base 16, what is 